l).
3
Suppose 4*k = -u + 9, 3*k - 4*u + 1 - 3 = 0. Let m = k + 4. List the prime factors of m.
2, 3
Let l(k) = k**3 + 5*k**2 + 2*k - 3. Let b be l(-3). Suppose c + 2*c = b. Suppose -t + c*t = 12. What are the prime factors of t?
2, 3
Suppose 4*z = 9*z - 15. Suppose 3*r - 8*r + 45 = 3*n, z*r - 23 = -n. What are the prime factors of r?
2, 3
Let b(c) = -6*c + 11. Let u(l) = -l + 2. Let s(r) = -2*b(r) + 11*u(r). Let p(z) = -z + 2. Let j(m) = p(m) + 2*s(m). What are the prime factors of j(7)?
3
Suppose -98 = -5*p + 4*p. What are the prime factors of p?
2, 7
Suppose -4*l - 16 = -8*l. Let b = l + 53. Suppose -5*s + b = -8. What are the prime factors of s?
13
Let a = -6 + 40. List the prime factors of a.
2, 17
Suppose 0 = 4*s - 3*s - 5. Suppose 4*n + 20 = 0, -3*r + 121 = -r - s*n. What are the prime factors of r?
2, 3
Suppose 44 = -2*t + 154. What are the prime factors of t?
5, 11
Let b = 19 + -19. What are the prime factors of (-1)/(-1 - b)*5?
5
Let f be (-15 + 3)*1/(-3). Suppose -n = 4*n + f*a - 194, 2*n - 4*a = 100. List the prime factors of n.
2, 3, 7
Suppose -3*o - 2*o + 4*k = -5, -5*k = 0. Suppose 6 = n - 4*i, 0 = 2*n - i - o - 4. Suppose -r = n*r - 30. What are the prime factors of r?
2, 5
Let v = 170 - 93. List the prime factors of v.
7, 11
Let m(s) = -28*s + 15. What are the prime factors of m(-4)?
127
Let j = -61 - -182. List the prime factors of j.
11
Let t be -3 + -2 + 0/(-3). What are the prime factors of ((-78)/(-5))/(-3)*t?
2, 13
Let a = 7 - 6. Suppose 29 + a = 2*b. What are the prime factors of b*1 - (4 - 1)?
2, 3
Let a(s) = s**2 + 10*s - 8. Let g(r) = -r**3 + r**2 - 12. Let q be g(0). What are the prime factors of a(q)?
2
List the prime factors of 2360/28 + 6/(-21).
2, 3, 7
Suppose -8 - 8 = -2*x. List the prime factors of x.
2
Let f = 2 - -4. Let n be f/(-3)*1*-1. Suppose 4*g = 3*l - 18, -2*l = -l + n*g - 6. What are the prime factors of l?
2, 3
Suppose 2*d - 4*c + 5*c + 1 = 0, -3 = -3*d + 3*c. Let q be ((-38 - d)*1)/(-2). Suppose 0 = -l + 4*j + q, -j - 3 = -l + 4. List the prime factors of l.
3
Let g(l) = 108*l + 3. What are the prime factors of g(1)?
3, 37
Suppose -4*l + 26 = k, 2*l + 2*l - 2*k = 32. Let o be l + 1 - (1 - 3). What are the prime factors of 1/2*1*o?
5
Let c be -3*(-2)/(-3)*-1. Let q(t) = t**3 + t. List the prime factors of q(c).
2, 5
Suppose -5*h = -214 - 146. What are the prime factors of h?
2, 3
Let u(v) = 3*v - 6. Let o be u(4). What are the prime factors of (-156)/(-8) + (-3)/o?
19
Let v = 333 + -151. List the prime factors of v.
2, 7, 13
Let v = 1 + -1. Suppose -3*d - 5*w + 2*w + 66 = v, 0 = -2*w + 8. Suppose -d = -3*m + 5*z, -m + 9 - 3 = 3*z. List the prime factors of m.
2, 3
Let z(g) = -g + 5. Let x be z(0). Suppose 3*b + 5*k = 2*k, x*b + 4*k = 0. Suppose 4*y + 4 = b, -4*t + 35 = 5*y - 8. List the prime factors of t.
2, 3
Let j = -17 - -53. Suppose -b - j = -4*b. List the prime factors of b.
2, 3
Suppose 21*w - 20*w - 347 = 0. List the prime factors of w.
347
Let f be (-1 - 1)/2 - -11. Suppose -3*p + 3*q + 24 = 0, p + 4 = -q + f. What are the prime factors of p?
7
Let u be 9/12 - (-572)/(-16). Let n = -9 - u. List the prime factors of n.
2, 13
Suppose -144 = f - 4*f. Suppose -3*l = -5*l + f. List the prime factors of l.
2, 3
Suppose -3*t + 7*t = 228. What are the prime factors of t?
3, 19
Let q = 46 - 16. What are the prime factors of q?
2, 3, 5
Suppose -5*d - 102 = -6*d. List the prime factors of d.
2, 3, 17
Suppose -228 = -y - 3*y. Let x(q) = -q**2 - 7*q - 7. Let c be x(-5). List the prime factors of y/9 + 2/c.
7
Suppose -b + 948 = 3*t, -2*t + 5*b - 388 = -1003. List the prime factors of t.
3, 5, 7
Let a be (-5 - -5) + (3 - 1). Suppose 2 = a*q + 3*z + 13, -5*q - 3*z = 5. What are the prime factors of q?
2
Suppose -2*t + 4 = -4*i, 8*i - 3*i - 2*t = -4. Let r = i + 4. What are the prime factors of r?
2
Let g = -30 + 157. Suppose 0 = 3*n - g + 1. List the prime factors of n.
2, 3, 7
List the prime factors of 170/4 - (-57)/38.
2, 11
Suppose 4*c = -c. List the prime factors of 7 - (0 - c)*-1.
7
Suppose d - 17 = -0*d. Suppose 20 = -4*f, 2*y + 4*f - 2*f = 36. Suppose 4*s - y = -a, 2*s - s + 4*a = d. List the prime factors of s.
5
What are the prime factors of (-46)/(-4)*120/12?
5, 23
Let z(t) = t + 4. Let j be z(-4). Suppose j = -5*d - f + 74, -4*f + f - 30 = -3*d. What are the prime factors of d?
2, 7
Let h(a) = 40*a**3 - a**2 + a - 1. Let i be h(1). Suppose 0 = -4*k + 85 + i. Suppose 8 + k = 3*l. What are the prime factors of l?
13
Let c(s) = -s**3 - s**2 + s + 2. Let y be c(-2). Suppose 9*m - 135 = y*m. List the prime factors of m.
3
Suppose 3*s + 54 = 4*q, -5*q + s - 4*s + 81 = 0. List the prime factors of q.
3, 5
Suppose 6*m = 312 + 66. What are the prime factors of m?
3, 7
Let g = -4 - -8. Suppose 0 = -g*v - v + 30. What are the prime factors of v?
2, 3
Suppose -y = -5*o - 30, 2*o + 65 - 21 = 2*y. Let n = y + 2. What are the prime factors of n?
2, 11
Suppose -5*m + 0*f + 3*f + 61 = 0, 0 = -4*m + 3*f + 50. List the prime factors of m.
11
Let t = 34 - -25. List the prime factors of t.
59
Let x(m) = -10*m - 4. Let w(t) = -9*t - 5. Let v(d) = -3*w(d) + 4*x(d). What are the prime factors of v(-1)?
2, 3
Let f(b) = 5*b**2 + 2*b - 1. Let y be f(3). Suppose -8*t + 3*t = -y. List the prime factors of t.
2, 5
Suppose -64 = 5*i - 3*i. Let t be i/(-18) + 2/9. Suppose 13 + 25 = t*m. What are the prime factors of m?
19
Suppose 3*g = -o - 3, -3*o - 2*g = 2*g + 4. Suppose 3*s + 11 - 137 = o. Let i = s + -26. List the prime factors of i.
2
Suppose -1 + 13 = -2*k. Suppose 2*h = -i - 0*h - 24, 4*i - 5*h + 57 = 0. What are the prime factors of 3/(-1) - k - i?
3, 7
Let a be (3/(-2))/((-2)/4). Suppose -18 = -5*r + a*r. What are the prime factors of r?
3
What are the prime factors of (-35)/10*(-604)/14?
151
List the prime factors of -3 + -1 + (-252)/(-1).
2, 31
Suppose 5*u - 135 = -55. Let f = 304 - 180. What are the prime factors of (-2)/(-8) + f/u?
2
Let o = 194 + -137. List the prime factors of o.
3, 19
Suppose -k = -5*k + 224. Let b = -40 + k. What are the prime factors of b?
2
Suppose -6*d + 5 = -d. Let q be 4 - (d - (0 - -2)). Suppose -4*h - 2*i = -54, q*i = -2*h - 0*h + 23. What are the prime factors of h?
2, 7
Suppose 7*i = 225 + 125. List the prime factors of i.
2, 5
Suppose 0 = 3*f - 807 - 15. List the prime factors of f.
2, 137
Suppose 3*h - 4*g - g - 31 = 0, -g - 30 = -4*h. What are the prime factors of h?
7
Let x be (-3 - 3)*(-48)/9. Suppose -2*i + 30 = -x. List the prime factors of i.
31
Let f(p) = -13*p**3 + 2*p**2 + 3*p + 3. What are the prime factors of f(-2)?
109
What are the prime factors of -32*1*11/(33/(-12))?
2
Let q = 7 + -5. List the prime factors of q + (-7)/((-7)/12).
2, 7
Let a(q) = -q**3 + 8*q**2 - 6*q - 11. List the prime factors of a(6).
5
Let l(u) = u**2 - 9*u + 17. What are the prime factors of l(-7)?
3, 43
Suppose a = -4*q + 127, 2*a - 240 = 3*q - 4*q. What are the prime factors of a?
7, 17
Let v = -4 + 16. Let y be 2/(-5)*-5*2. Suppose -y*m = -6*m + v. What are the prime factors of m?
2, 3
Suppose 5*o + 8 = 2*t, -4*t - o - 4*o = -76. Let y = 22 - t. What are the prime factors of y?
2
Suppose -2*j + 97 = 3*u, 10*u - 245 = -5*j + 5*u. What are the prime factors of j?
2, 5
Suppose -2*k + 20 = -0*k. List the prime factors of 4/k*(-3 + 8).
2
Suppose -28 = d - 5*d. Let r = -9 + d. Let t = r - -4. What are the prime factors of t?
2
Suppose 87 = 2*p - 83. Suppose j + 10 = -j, 2*j + p = b. Suppose m = -4*m + b. List the prime factors of m.
3, 5
Let g = -4 + 0. Let v be (1 + 3)/(g/(-2)). Suppose -v*r = r - 3*s - 42, -2*r = -3*s - 30. What are the prime factors of r?
2, 3
Let v = 203 + -132. What are the prime factors of v?
71
Let d be 6/3*2/2. Suppose 17 = d*t - 4*s + 5, -5*t + 9 = -3*s. Suppose -4*n + 12 = t, -6*b + 2*b + 3*n + 7 = 0. List the prime factors of b.
2
Suppose 0 = -5*u - 78 - 47. Let c = u - -43. List the prime factors of c.
2, 3
Let x(m) = -m**3 + 2*m**2 + 12*m + 12. List the prime factors of x(-5).
127
List the prime factors of -6 + 6 + 14*1.
2, 7
Suppose 5*m - 16 = 24. What are the prime factors of m?
2
Suppose -2*t - 2*h = -132, -2*t - 2*t + 280 = -4*h. List the prime factors of t.
2, 17
Suppose -8 = 4*l, -5*y + 7*l + 28 = 3*l. Suppose f - 8 = -y. List the prime factors of 57/5 - f/10.
1